5.
5, 3157391
What are the prime factors of 259825?
5, 19, 547
List the prime factors of 1346561.
193, 6977
What are the prime factors of 443171?
443171
What are the prime factors of 5341464?
2, 3, 8243
List the prime factors of 2172839.
2172839
What are the prime factors of 31205651?
31205651
What are the prime factors of 1423397?
41, 149, 233
List the prime factors of 10811366.
2, 587, 9209
List the prime factors of 322423.
503, 641
What are the prime factors of 204309?
3, 7, 23, 47
List the prime factors of 162322.
2, 277, 293
What are the prime factors of 18037946?
2, 9018973
What are the prime factors of 424641?
3, 7, 73, 277
What are the prime factors of 6340461?
3, 31, 79, 863
What are the prime factors of 405103?
43, 9421
List the prime factors of 1300811.
23, 2459
List the prime factors of 4982176.
2, 155693
List the prime factors of 1526310.
2, 3, 5, 5653
What are the prime factors of 1154436?
2, 3, 17, 5659
List the prime factors of 462391.
677, 683
List the prime factors of 3126122.
2, 1563061
What are the prime factors of 1244606?
2, 11, 37, 139
List the prime factors of 1098842.
2, 549421
What are the prime factors of 8903720?
2, 5, 7, 31799
What are the prime factors of 104480?
2, 5, 653
What are the prime factors of 1013114?
2, 617, 821
List the prime factors of 1564958.
2, 173, 4523
What are the prime factors of 326393?
23, 617
What are the prime factors of 22915550?
2, 5, 7, 233, 281
List the prime factors of 1696045.
5, 13, 97, 269
List the prime factors of 764474.
2, 23, 16619
What are the prime factors of 1680193?
211, 7963
List the prime factors of 179096.
2, 61, 367
List the prime factors of 3986492.
2, 197, 5059
List the prime factors of 261669.
3, 87223
List the prime factors of 3818539.
59, 61, 1061
List the prime factors of 1137653.
11, 103423
List the prime factors of 6926482.
2, 59, 58699
List the prime factors of 1350668.
2, 11, 30697
List the prime factors of 724318.
2, 7, 19, 389
List the prime factors of 1900125.
3, 5, 563
What are the prime factors of 29959219?
17, 19, 92753
List the prime factors of 2116534.
2, 7, 17, 8893
List the prime factors of 1757950.
2, 5, 35159
List the prime factors of 341049.
3, 113683
What are the prime factors of 5193882?
2, 3, 10687
List the prime factors of 660814.
2, 7, 11, 613
List the prime factors of 798665.
5, 7, 19, 1201
What are the prime factors of 489934?
2, 19, 12893
What are the prime factors of 18044647?
18044647
List the prime factors of 4935468.
2, 3, 59, 6971
List the prime factors of 80907.
3, 149, 181
List the prime factors of 328178.
2, 164089
What are the prime factors of 85419?
3, 9491
List the prime factors of 9153773.
31, 295283
What are the prime factors of 210953?
17, 12409
What are the prime factors of 12174745?
5, 11, 41, 5399
What are the prime factors of 97340?
2, 5, 31, 157
List the prime factors of 52831.
23, 2297
List the prime factors of 952489.
19, 50131
What are the prime factors of 6252470?
2, 5, 7, 179, 499
What are the prime factors of 367973?
19, 107, 181
List the prime factors of 3126726.
2, 3, 173707
What are the prime factors of 16134713?
7, 709, 3251
What are the prime factors of 19837962?
2, 3, 181, 6089
List the prime factors of 672618.
2, 3, 112103
What are the prime factors of 1828416?
2, 3, 89, 107
List the prime factors of 1347365.
5, 269473
What are the prime factors of 590940?
2, 3, 5, 7, 67
List the prime factors of 591368.
2, 29, 2549
List the prime factors of 6068628.
2, 3, 83, 677
List the prime factors of 5597999.
11, 508909
List the prime factors of 12149177.
43, 67, 4217
List the prime factors of 4149463.
389, 10667
What are the prime factors of 1009186?
2, 504593
List the prime factors of 184326.
2, 3, 31, 991
List the prime factors of 1992462.
2, 3, 73, 4549
List the prime factors of 1070371.
17, 79, 797
List the prime factors of 1134829.
383, 2963
List the prime factors of 889017.
3, 401, 739
What are the prime factors of 3402760?
2, 5, 97, 877
List the prime factors of 1326705.
3, 5, 241, 367
What are the prime factors of 350957?
23, 15259
List the prime factors of 109635.
3, 5, 7309
What are the prime factors of 463228?
2, 115807
List the prime factors of 49096.
2, 17, 19
List the prime factors of 16835793.
3, 13, 23, 137
What are the prime factors of 28891409?
28891409
What are the prime factors of 2006953?
13, 263, 587
List the prime factors of 3755059.
7, 11, 48767
List the prime factors of 2535919.
2535919
What are the prime factors of 4821441?
3, 137, 11731
List the prime factors of 68927.
68927
What are the prime factors of 34175?
5, 1367
List the prime factors of 499387.
7, 71341
What are the prime factors of 633900?
2, 3, 5, 2113
What are the prime factors of 2197664?
2, 7, 9811
What are the prime factors of 2388737?
13, 19, 509
List the prime factors of 342387.
3, 1409
What are the prime factors of 3449664?
2, 3, 53, 113
List the prime factors of 566212.
2, 353, 401
List the prime factors of 223192.
2, 23, 1213
What are the prime factors of 164034?
2, 3, 13, 701
List the prime factors of 1595373.
3, 13, 19, 2153
What are the prime factors of 64696?
2, 8087
What are the prime factors of 66318?
2, 3, 7, 1579
What are the prime factors of 324487?
131, 2477
List the prime factors of 17618263.
13, 19, 71329
List the prime factors of 2028216.
2, 3, 84509
List the prime factors of 265608.
2, 3, 7, 17, 31
What are the prime factors of 576346?
2, 19, 29, 523
List the prime factors of 9630842.
2, 13, 29, 53, 241
What are the prime factors of 320893?
107, 2999
What are the prime factors of 1063058?
2, 199, 2671
What are the prime factors of 4281868?
2, 71, 15077
List the prime factors of 1267884.
2, 3, 41, 859
List the prime factors of 105464.
2, 13183
What are the prime factors of 431007?
3, 143669
What are the prime factors of 2134926?
2, 3, 83, 1429
List the prime factors of 5111826.
2, 3, 851971
List the prime factors of 9922711.
103, 96337
What are the prime factors of 112871?
11, 31, 331
What are the prime factors of 10762601?
1609, 6689
What are the prime factors of 605202?
2, 3, 13, 7759
List the prime factors of 676474.
2, 338237
List the prime factors of 2389937.
11, 167, 1301
What are the prime factors of 44468?
2, 11117
List the prime factors of 4282052.
2, 1070513
What are the prime factors of 205456?
2, 12841
List the prime factors of 746394.
2, 3, 11, 43, 263
What are the prime factors of 6996684?
2, 3, 127, 4591
What are the prime factors of 119246?
2, 109, 547
List the prime factors of 2673130.
2, 5, 31, 8623
List the prime factors of 12902797.
53, 137, 1777
List the prime factors of 168725.
5, 17, 397
What are the prime factors of 313537?
7, 47, 953
What are the prime factors of 1661748?
2, 3, 11, 12589
What are the prime factors of 459024?
2, 3, 73, 131
List the prime factors of 1338377.
1338377
List the prime factors of 101168.
2, 6323
What are the prime factors of 623396?
2, 155849
What are the prime factors of 16537321?
2503, 6607
List the prime factors of 2669260.
2, 5, 11, 1103
What are the prime factors of 2057835?
3, 5, 13, 61, 173
List the prime factors of 63710.
2, 5, 23, 277
What are the prime factors of 233453?
11, 19, 1117
What are the prime factors of 25633?
25633
What are the prime factors of 1548872?
2, 13, 53, 281
List the prime factors of 281953.
7, 47, 857
What are the prime factors of 176295?
3, 5, 7, 23, 73
List the prime factors of 123928.
2, 7, 2213
What are the prime factors of 1620781?
29, 55889
What are the prime factors of 944328?
2, 3, 7, 11, 73
What are the prime factors of 692101?
257, 2693
List the prime factors of 2165194.
2, 1082597
List the prime factors of 6830042.
2, 3415021
What are the prime factors of 493237?
71, 6947
What are the prime factors of 8629411?
7, 71, 97, 179
List the prime factors of 2183525.
5, 167, 523
List the prime factors of 274662.
2, 3, 15259
What are the prime factors of 431703?
3, 59, 271
What are the prime factors of 1029187?
67, 15361
List the prime factors of 30326877.
3, 7, 481379
What are the prime factors of 78450?
2, 3, 5, 523
What are the prime factors of 2122077?
3, 707359
What are the prime factors of 1158033?
3, 43, 47, 191
What are the prime factors of 574890?
2, 3, 5, 19163
List the prime factors of 129357.
3, 1597
What are 